et p = -42 + 52. Suppose -4*a - 8 = 2*h, 4*a = -4*h - p - 6. What is the tens digit of x(h)?
4
Let l = -7883 - -34256. What is the tens digit of l?
7
Let h = 335 - -6674. What is the hundreds digit of h?
0
Let v = 9 + -1. Suppose 11*a - 9 = v*a. Suppose 5*m - 1006 = -w, a*w - 990 = -5*m - 2*w. What is the tens digit of m?
0
What is the tens digit of 2196/78 - (18/54 - (-14)/(-78))?
2
Let w(z) = -1072*z - 599. What is the units digit of w(-6)?
3
Let t(a) = 2*a**2 - 19*a + 26. Let i be t(8). Let q be ((-210)/4)/((-9)/i + 5). Let f = -72 - q. What is the units digit of f?
3
Let a = 873 + -871. Suppose 28*q = -a*q + 7530. What is the units digit of q?
1
Let y(j) = -1960*j - 291. What is the hundreds digit of y(-6)?
4
Let t = 2978 - 406. What is the units digit of t/46 - 26/(-299)?
6
Let y(d) = 11105*d - 778. What is the units digit of y(1)?
7
Suppose 0 = -2*d + 7*d - 15. Let m be (0 - 4) + d - -4. Suppose 5*y - 296 = -m*i, -y + 3*i + 7 = -63. What is the units digit of y?
1
Let j(w) = 13*w**2 - 6*w - 3. Let l be j(-3). Suppose 0*n + 2*n - 265 = -k, n + k - l = 0. What is the hundreds digit of n?
1
Let k(n) = 5698*n**2 - 5*n + 22. What is the hundreds digit of k(2)?
8
Suppose -3*y = -2*r + 417, y + 2*r - 37 = -176. Let m = y - -70. Let g = m + 129. What is the units digit of g?
0
What is the hundreds digit of (9/(-2))/(12/2048*60/(-495))?
3
Let u = 88024 + -56581. What is the tens digit of u?
4
Let d(r) = -5*r - 19. Let z(n) = 1. Let l be (2*2/4)/(-1). Let m(h) = l*d(h) - 5*z(h). What is the tens digit of m(3)?
2
Let a be 23/(-3)*-3 + (-3 - -4). Let o be ((-1)/(-6))/(2 + (-44)/a). What is the tens digit of (4 - 5) + o*(-1 - -131)?
2
Suppose 25 = g - 16. Suppose -h - 42 = -g. What is the units digit of (-9)/18*2*69*h?
9
What is the thousands digit of 7806458/132 + (-1)/3 + (-5)/(-10)?
9
Let j = 295 - 3. Let u = j + -168. What is the tens digit of u?
2
Let f(y) = y**3 + 10*y**2 - 5. Let t be f(-10). What is the units digit of (-3016)/(-8) + t + 0?
2
Let k(h) = -2*h - 8. Let m be k(-6). Suppose 3*s + 83 = q, 0*q + 4*s + 372 = m*q. What is the units digit of q?
8
What is the thousands digit of 65 + 48097 - 21*-1?
8
Let u be (-20)/(-15)*(-138021)/(-52). What is the tens digit of (-22)/99 + u/9?
9
Let a(z) = z**3 + 8*z**2 - 13*z - 12. Let n be a(-8). Let r be 3*2/(-33) - (-2598)/11. Suppose 4*h = -4*o + r, 233 = 5*h - 5*o - n. What is the tens digit of h?
6
Let b(x) = 85*x - 70. Let m be b(6). Suppose -4840 - m = -10*z. What is the tens digit of z?
2
Let a(k) = 2*k - 3*k**3 - 10 + 0*k**3 - 19*k**2 - 7*k - 3*k. Let t be a(-6). Suppose -t*v - 577 = -3*p - 0*v, -4*p + 771 = -v. What is the units digit of p?
3
Suppose -i - 20 + 12 = 0. Let t be (-2 - -2)*i/(-16). Suppose n + 2*n - 612 = t. What is the hundreds digit of n?
2
Let g(d) = 322*d**2 + 99*d - 311. What is the thousands digit of g(3)?
2
Suppose 50 = -78*y + 73*y. Let t(z) = -18*z - 59. What is the units digit of t(y)?
1
Let y(g) = -246*g + 309. What is the thousands digit of y(-9)?
2
Let n(y) = -2*y**3 + 6*y**2 - 11*y + 9. Let u be n(2). What is the units digit of (u - 1428/(-30))*15?
9
Suppose 8*f + 18 = 50. Suppose 5*j + f*p - 3167 = 0, -2*p + 295 = 2*j - 973. What is the tens digit of j?
3
Let r(d) be the third derivative of d**4/12 - d**3/3 + 26*d**2. Let w be r(6). Suppose 976 = w*h + 86. What is the units digit of h?
9
Let c(a) be the first derivative of a**3/3 + 105*a - 211. What is the thousands digit of c(39)?
1
Let j(f) = f**2 - 2*f - 2. Let n be j(4). Let l = -55 - n. Let u = 129 + l. What is the units digit of u?
8
What is the tens digit of (-122)/(-3*(-24)/(-13068))?
4
Suppose -3 = -2*b + y, 0 = -2*b + 4*y + 1 + 17. Let p be b*(0 + -4)*-1. What is the units digit of -1 - p - (5 + -199)?
7
Suppose -4*a = 3*l + 434, 4*l = -a - 307 - 250. Let u be (-30)/20 - (-934)/4. Let c = u + l. What is the units digit of c?
4
Suppose -j + 2*q = -46792, -3*q - 7 = 8. What is the tens digit of j?
8
Suppose h + 708 = -5*f, -3*f + 12 = -0. Let x = 428 - h. What is the hundreds digit of x?
1
Let l = 284 + -288. Let v(t) = 34*t**2 - 21*t - 19. What is the hundreds digit of v(l)?
6
Let z = 288 + -217. Let w = -17 + 52. Let t = z + w. What is the units digit of t?
6
Let s be 99954/(-126) + 2/7. Let z = -383 - s. What is the units digit of z?
0
Let p = 79 + -74. Suppose -g + w + 82 = 0, -414 = -p*g + 3*w - 0*w. Let l = g + -17. What is the tens digit of l?
6
Suppose -6991647 - 1162701 = -83*y - 769423. What is the units digit of y?
5
Let c(r) = -r**3 + r**2 + 5*r - 3. Let y be c(3). Suppose 27*o - 2065 = 3*o - 2113. What is the units digit of (o/(-3))/(y/(-1089))?
1
Suppose -2*f + 27033 = -t, 29*f - 4*t + 202759 = 44*f. What is the tens digit of f?
1
Suppose z - 6*z = -4*k - 15, 4*k = 2*z - 6. Suppose -2*i - i - z*i = 0. Let r(l) = 3*l + 73. What is the tens digit of r(i)?
7
What is the hundreds digit of (-2 + -3593)*5*(-42)/350?
1
Let j(x) = -3356*x**3 - 8*x - 7. Let u be j(-1). Suppose 2*m - 1955 - 727 = -4*p, 2*m + u = 5*p. What is the tens digit of p?
7
Let i be (-16)/(-6)*(-15)/(-10). Suppose -425 = i*q - 2633. Suppose 4*d - q = j - 5*j, -4*j + 4 = 0. What is the hundreds digit of d?
1
Suppose -498240 = -86*n - 46*n - 28*n. What is the thousands digit of n?
3
Let y be -7 + (8 - (8 + -5)). What is the tens digit of 24/(-16) - 213/y?
0
Let k be (-1)/(-2) + 51/34. Suppose 4*u + 32 = 4*w, 0 = 3*w + u + k*u + 6. Suppose -5*f - 4*h = -335, 7*h = w*h. What is the tens digit of f?
6
Let b(n) = -184*n**3 - 39*n**2 - 198*n + 6. What is the hundreds digit of b(-5)?
0
Suppose -4*a - 5*t - 275 = 0, 28 = -5*a - 5*t - 322. What is the tens digit of (4 + 15 + 3)*a/(-6)?
7
Let u(m) = 3*m**2 - 14*m - 34. Let r(g) = 5*g**2 - 26*g - 61 + 9 - 15. Let d(a) = -4*r(a) + 7*u(a). What is the tens digit of d(-8)?
4
Suppose -25 = 7*a - 12*a. Suppose 2*d - 1902 = a*y, -5*d - 2*y + 2308 = -2476. What is the hundreds digit of d?
9
Let q = 75 + -71. Suppose 4*v + 1180 = 4*j, -3*j - 303 = -q*j + 5*v. What is the hundreds digit of j?
2
Let t(k) = 6*k + 62. Let o be t(-10). Suppose -o*w + 1166 = 152. What is the tens digit of w?
0
Suppose -132*r - 53109 = -134*r + 5*o, 5 = 5*o. What is the thousands digit of r?
6
Let g = 41057 + -15946. What is the hundreds digit of g?
1
Let u = 353 - 351. What is the tens digit of 3/24 - (u - 50953/56)?
0
Suppose i - 5*i - 32 = 0. Let h(c) = c**3 + 11*c**2 + 16*c - 13. What is the tens digit of h(i)?
5
Suppose -6*b + 775 = 19*b. Suppose 159 = 4*r - 33. Let z = r - b. What is the units digit of z?
7
Suppose -10*p + 39*p = 116. Suppose -r - 3579 = -5*x + 556, p*x - 3332 = -4*r. What is the tens digit of x?
2
Suppose -2*p + 1193*s - 1190*s + 12818 = 0, 3*s + 19224 = 3*p. What is the tens digit of p?
0
Let w be 98/(-21)*(-14 - -2). Let y = -54 + w. Suppose 0 = j - y*b - 78, 4*b = j + 3*b - 79. What is the tens digit of j?
8
Let o be (-123)/5 - ((-12)/(-30) - 1). Let p(t) = -t**3 - 19*t**2 + 55*t - 67. What is the thousands digit of p(o)?
1
Suppose -251*p - 35 = -258*p. What is the tens digit of 1758/2 + (-19 + -1)/p?
7
Suppose 0 = 507*f - 500*f - 86114. What is the units digit of f?
2
Let f(z) = 2*z**3 - 3*z**2 + z - 3. Let r = -23 - -20. Let g(m) = -2*m**3 + 4*m**2 - m + 4. Let w(x) = r*g(x) - 2*f(x). What is the tens digit of w(5)?
9
Let n = 47 - 48. What is the units digit of (2*(-3)/6)/(n/26)?
6
Let v(i) = 3*i**3 + 18*i**2 + 4*i + 9. Let r be v(6). Suppose -n = -r - 206. What is the tens digit of n?
3
Suppose 2*h - m = 20 + 4, 5*h = -5*m + 60. Suppose 0 = f - 4, -h*o + 2*f = -9*o - 2149. What is the units digit of o?
9
Let c(i) = 4*i**2 + 10*i - 359. What is the thousands digit of c(-35)?
4
Let h(w) = -w**2 - 5*w + 19. Let g be h(8). Let b = g + 509. Suppose 0 = -4*p + b - 156. What is the units digit of p?
7
Let z(p) = p**2 + 11*p - 51. Let r be z(4). Suppose -5*u - 29 = -r, 0 = 4*k + 5*u - 1448. What is the units digit of k?
7
Let t(h) = 18*h**3 - h - 2. Let r be t(2). Suppose x + r + 68 = 0. What is the units digit of x/10*10/(-4)?
2
Suppose 0 = 7*g - 36 - 48. Suppose 8*d = -g*d + 6860. What is the hundreds digit of d?
3
Let y(x) = 7*x**2 + 17*x + 27220. What is the tens digit of y(0)?
2
Let f(a) = -500*a + 1570. What is the units digit of f(-55)?
0
Let n(u) = u**3 - 11*u**2 + 13*u - 12. Let y be 